
Is 9899839 composite?
True
Is 5757838 prime?
False
Is 57435583 prime?
True
Is 2472677 a composite number?
False
Is 98641577 a prime number?
True
Is 9441067 prime?
False
Is 10504049 a prime number?
True
Is 703013 composite?
False
Is 3694217 composite?
False
Is 38352019 prime?
False
Is 25321442 composite?
True
Is 1757048135 a prime number?
False
Is 5266463 a composite number?
False
Is 1190773 a composite number?
False
Is 1718777 a prime number?
False
Is 102863 a prime number?
False
Is 45878507 a prime number?
True
Is 1261609 prime?
False
Is 7463231 composite?
False
Is 1735417 composite?
True
Is 3404969 a composite number?
False
Is 19708747 composite?
False
Is 174897251 a composite number?
False
Is 14401471 composite?
True
Is 10881518 a prime number?
False
Is 11144671 composite?
True
Is 2314427 composite?
True
Is 647011301 a composite number?
False
Is 3817303 a prime number?
False
Is 27439603 a prime number?
False
Is 280030507 prime?
True
Is 38541103 a prime number?
True
Is 1415203 composite?
True
Is 42745489 composite?
False
Is 5585137 prime?
True
Is 10599749 composite?
False
Is 525695219 composite?
True
Is 13863119 a composite number?
False
Is 19747001 prime?
True
Is 2107169 composite?
True
Is 16455821 a composite number?
False
Is 2164987 composite?
True
Is 114536581 a prime number?
True
Is 362155727 prime?
False
Is 739227607 composite?
False
Is 6273623 composite?
False
Is 5132279 a composite number?
False
Is 17588273 prime?
False
Is 211368329 a prime number?
False
Is 13387 prime?
False
Is 6099493 a composite number?
False
Is 21400031 a prime number?
True
Is 89095901 prime?
True
Is 42111373 a prime number?
False
Is 2134823 composite?
True
Is 799859 prime?
True
Is 51127661 prime?
False
Is 463907 composite?
False
Is 13261 prime?
False
Is 313998929 a composite number?
False
Is 1745519 a composite number?
False
Is 97928749 a prime number?
True
Is 62140259 a prime number?
True
Is 1070863 a composite number?
True
Is 17091107 prime?
False
Is 243493 a prime number?
False
Is 158054293 prime?
False
Is 34289117 a prime number?
True
Is 58743353 a composite number?
True
Is 126857083 composite?
True
Is 218834663 a prime number?
False
Is 4780106 a composite number?
True
Is 13592991 composite?
True
Is 59547597 a prime number?
False
Is 5872719 a prime number?
False
Is 5077507 prime?
True
Is 938491 a composite number?
False
Is 7998209 prime?
False
Is 39532763 prime?
True
Is 3184367 prime?
True
Is 5668357 a prime number?
True
Is 53613913 a prime number?
False
Is 10315979 a composite number?
False
Is 4286677 prime?
True
Is 10266331 prime?
True
Is 463682811 composite?
True
Is 14109629 a prime number?
True
Is 684727 composite?
False
Is 438397 a prime number?
False
Is 74915959 composite?
False
Is 989803 a composite number?
False
Is 346550033 prime?
True
Is 52830997 a prime number?
True
Is 22400273 a composite number?
True
Is 176765 a composite number?
True
Is 434459 prime?
True
Is 26576723 a prime number?
True
Is 20077507 composite?
True
Is 3515977 a composite number?
False
Is 3279173 a prime number?
True
Is 2303481 a composite number?
True
Is 138130261 prime?
True
Is 4771103 prime?
False
Is 89245265 a composite number?
True
Is 44979523 a prime number?
True
Is 13328353 a composite number?
False
Is 12260993 a composite number?
False
Is 6272333 a prime number?
True
Is 1857277 a prime number?
False
Is 57947731 a composite number?
False
Is 22605347 a prime number?
True
Is 37367017 a composite number?
False
Is 235241 a prime number?
True
Is 20970407 a composite number?
False
Is 267487 a composite number?
True
Is 10468947 a composite number?
True
Is 49845115 prime?
False
Is 232546597 a composite number?
True
Is 2525669 a composite number?
False
Is 10532563 composite?
False
Is 204637 prime?
False
Is 10623803 a composite number?
False
Is 44407711 a prime number?
True
Is 89341951 composite?
False
Is 338077 prime?
False
Is 471441317 composite?
False
Is 175975871 composite?
True
Is 14491537 composite?
False
Is 10857523 prime?
False
Is 2077907 composite?
True
Is 18901121 composite?
True
Is 6647331 composite?
True
Is 5129731 composite?
False
Is 5760877 composite?
False
Is 3402263 composite?
False
Is 22756409 prime?
False
Is 45442021 composite?
True
Is 56821943 prime?
False
Is 8892269 prime?
False
Is 51139207 a composite number?
True
Is 50361239 a prime number?
False
Is 3498713 a composite number?
True
Is 12000829 composite?
True
Is 140864257 a composite number?
True
Is 437804051 a composite number?
False
Is 5652271 prime?
True
Is 26533757 a prime number?
True
Is 4965281 a composite number?
True
Is 2957893 a composite number?
True
Is 2125813 a prime number?
True
Is 11810245 a prime number?
False
Is 5706755 a composite number?
True
Is 947119 a prime number?
True
Is 12338191 prime?
True
Is 3230894 prime?
False
Is 377366023 a composite number?
True
Is 24418621 a composite number?
False
Is 229357 prime?
False
Is 1432127 a composite number?
True
Is 6780989 prime?
True
Is 80477491 prime?
True
Is 1740737 a prime number?
False
Is 5096719 prime?
False
Is 266003161 a composite number?
False
Is 16743941 a composite number?
True
Is 608789 a prime number?
True
Is 4412839 a composite number?
False
Is 7174415 a composite number?
True
Is 15060499 a composite number?
True
Is 3331627 prime?
False
Is 79680529 a composite number?
False
Is 809281 prime?
False
Is 14948809 a prime number?
False
Is 1938449 prime?
True
Is 180643843 composite?
False
Is 364208819 composite?
True
Is 1735931 prime?
True
Is 3611059 a prime number?
True
Is 103344949 prime?
False
Is 7540431 composite?
True
Is 1239211 prime?
False
Is 114262093 a composite number?
True
Is 1867809 prime?
False
Is 14491649 prime?
False
Is 7270609 composite?
False
Is 9268739 prime?
True
Is 52763899 prime?
False
Is 43003979 a prime number?
False
Is 4355679 a composite number?
True
Is 3409699 prime?
True
Is 34249273 a composite number?
False
Is 4815529 prime?
True
Is 7904795 a composite number?
True
Is 13964831 a prime number?
False
Is 7066097 prime?
True
Is 22491631 a prime number?
False
Is 4393987 a composite number?
True
Is 4444469 a prime number?
True
Is 16680173 prime?
False
Is 46867501 prime?
True
Is 1502357 a prime number?
False
Is 16521833 a composite number?
False
Is 2616761 a prime number?
False
Is 5609707 a prime number?
False
Is 3115811 prime?
False
Is 11627501 a prime number?
False
Is 9597749 a prime number?
False
Is 34521983 a composite number?
False
Is 40560439 composite?
True
Is 128827649 prime?
False
Is 2438729 prime?
False
Is 195076373 a prime number?
False
Is 13445533 composite?
True
Is 806657 a composite number?
False
Is 14896121 a composite number?
False
Is 229721131 prime?
False
Is 9948703 a prime number?
True
Is 115386749 a prime number?
False
Is 13858567 a prime number?
True
Is 1756147 a composite number?
True
Is 5291921 composite?
True
Is 453229 a prime number?
False
Is 13243687 a prime number?
False
Is 22343443 prime?
True
Is 128811503 a prime number?
True
Is 13197181 prime?
False
Is 253997779 a prime number?
False
Is 11748757 composite?
False
Is 4206901 a composite number?
False
Is 177418697 a composite number?
True
Is 117249367 a composite number?
False
Is 4185007 a composite number?
False
Is 698359 a composite number?
False
Is 5826811 composite?
False
Is 1517531 a composite number?
False
Is 11638493 prime?
True
Is 390029807 a prime number?
True
Is 1170743 prime?
False
Is 26671817 prime?
True
Is 3185713 prime?
True
Is 317693 a composite number?
False
Is 104217349 composite?
False
Is 3706301 a prime number?
True
Is 1427653 a composite number?
False
Is 27118898 a composite number?
True
Is 26998897 a prime number?
True
Is 220746197 a prime number?
False
Is 1771249 a composite number?
True
Is 9576995 a composite number?
True
Is 640279 prime?
True
Is 1695913 composite?
False
Is 16616081 a composite number?
False
Is 3794719 composite?
False
Is 11835703 composite?
True
Is 16119979 a prime number?
True
Is 70543913 a composite number?
True
Is 57227119 prime?
True
Is 10504418 prime?
False
Is 4266149 composite?
False
Is 5396459 prime?
False
Is 13203313 composite?
False
Is 124046005 a prime number?
False
Is 5090357 prime?
False
Is 14450749 composite?
False
Is 1828829 a composite number?
False
Is 144497999 prime?
False
Is 180209 pr